{"id":20,"date":"2015-02-16T10:08:46","date_gmt":"2015-02-16T09:08:46","guid":{"rendered":"http:\/\/staging.die-alexis.de\/?page_id=20"},"modified":"2018-07-23T18:43:04","modified_gmt":"2018-07-23T16:43:04","slug":"home","status":"publish","type":"page","link":"https:\/\/die-alexis.de\/","title":{"rendered":"Die Alexis"},"content":{"rendered":"<p>&nbsp;<\/p>\n<div class='content-column one_third'><div style=\"padding-right:0px;padding-left:10px;\"><figure id=\"attachment_864\" aria-describedby=\"caption-attachment-864\" style=\"width: 640px\" class=\"wp-caption alignleft\"><a href=\"?page_id=8\"><img loading=\"lazy\" decoding=\"async\" class=\"wp-image-864 size-large\" src=\"http:\/\/staging.die-alexis.de\/wp-content\/uploads\/2018\/05\/DSC05139b-verkleinert-1024x683.jpg\" alt=\"\" width=\"640\" height=\"427\" srcset=\"https:\/\/die-alexis.de\/wp-content\/uploads\/2018\/05\/DSC05139b-verkleinert-1024x683.jpg 1024w, https:\/\/die-alexis.de\/wp-content\/uploads\/2018\/05\/DSC05139b-verkleinert-300x200.jpg 300w, https:\/\/die-alexis.de\/wp-content\/uploads\/2018\/05\/DSC05139b-verkleinert-768x512.jpg 768w, https:\/\/die-alexis.de\/wp-content\/uploads\/2018\/05\/DSC05139b-verkleinert.jpg 1059w\" sizes=\"(max-width: 640px) 100vw, 640px\" \/><\/a><figcaption id=\"caption-attachment-864\" class=\"wp-caption-text\">Musik f\u00fcr Hochzeits- und Taufzeremonien<\/figcaption><\/figure><\/div><\/div><div class='content-column one_third'><div style=\"padding-right:0px;padding-left:10px;\"><figure id=\"attachment_1197\" aria-describedby=\"caption-attachment-1197\" style=\"width: 640px\" class=\"wp-caption alignleft\"><a href=\"?page_id=952\"><img loading=\"lazy\" decoding=\"async\" class=\"wp-image-1197 size-large\" src=\"http:\/\/staging.die-alexis.de\/wp-content\/uploads\/2018\/05\/DSC06057bb-verkl.-1-1-1024x683.jpg\" alt=\"\" width=\"640\" height=\"427\" srcset=\"https:\/\/die-alexis.de\/wp-content\/uploads\/2018\/05\/DSC06057bb-verkl.-1-1-1024x683.jpg 1024w, https:\/\/die-alexis.de\/wp-content\/uploads\/2018\/05\/DSC06057bb-verkl.-1-1-300x200.jpg 300w, https:\/\/die-alexis.de\/wp-content\/uploads\/2018\/05\/DSC06057bb-verkl.-1-1-768x512.jpg 768w, https:\/\/die-alexis.de\/wp-content\/uploads\/2018\/05\/DSC06057bb-verkl.-1-1.jpg 1800w\" sizes=\"(max-width: 640px) 100vw, 640px\" \/><\/a><figcaption id=\"caption-attachment-1197\" class=\"wp-caption-text\">People-Fotografie<\/figcaption><\/figure><\/div><\/div><div class='content-column one_third last_column'><div style=\"padding-right:0px;padding-left:10px;\"><figure id=\"attachment_544\" aria-describedby=\"caption-attachment-544\" style=\"width: 640px\" class=\"wp-caption alignright\"><a href=\"?page_id=957\"><img loading=\"lazy\" decoding=\"async\" class=\"wp-image-544 size-large\" src=\"http:\/\/staging.die-alexis.de\/wp-content\/uploads\/2015\/02\/DSC_2377averkleinert-1024x683.jpg\" alt=\"\" width=\"640\" height=\"427\" srcset=\"https:\/\/die-alexis.de\/wp-content\/uploads\/2015\/02\/DSC_2377averkleinert-1024x683.jpg 1024w, https:\/\/die-alexis.de\/wp-content\/uploads\/2015\/02\/DSC_2377averkleinert-300x200.jpg 300w, https:\/\/die-alexis.de\/wp-content\/uploads\/2015\/02\/DSC_2377averkleinert-620x413.jpg 620w, https:\/\/die-alexis.de\/wp-content\/uploads\/2015\/02\/DSC_2377averkleinert.jpg 1131w\" sizes=\"(max-width: 640px) 100vw, 640px\" \/><\/a><figcaption id=\"caption-attachment-544\" class=\"wp-caption-text\">Hochzeits-Fotografie<\/figcaption><\/figure><\/div><\/div><div class='clear_column'><\/div><\/p>\n<div class='content-column full_width'><div style=\"padding-right:0px;padding-left:0px;\"><hr \/><\/div><\/div>\n<h2 style=\"text-align: center;\">\u00dcber mich<\/h2>\n<p style=\"text-align: center;\"><div class='content-column full_width'><div style=\"padding-right:100px;padding-left:100px;\"><p style=\"text-align: center;\"><strong>Ein Moment f\u00fcr die Ewigkeit<\/strong><\/p>\n<p style=\"text-align: center;\"><span class=\"_5yl5\">Die Musik und die Fotografie \u2013 zwei K\u00fcnste, die grundverschieden zu sein scheinen, und doch kann ich mit beiden das tun, was ich liebe: wundersch\u00f6ne Momente schaffen, an die du dich ein Leben lang erinnern wirst. <\/span><\/p>\n<p style=\"text-align: center;\"><span class=\"_5yl5\">Ich bin die Alexis und komme aus Mering, zwischen Augsburg und M\u00fcnchen. Gemeinsam erarbeite ich mit dir ein Konzept, welches genau zu dir passt. Damit deine W\u00fcnsche wahr werden und dieser Moment f\u00fcr die Ewigkeit genau DEIN Moment f\u00fcr die Ewigkeit wird.<\/span><\/p>\n<p style=\"text-align: center;\">Deine Alexis<\/p>\n<p style=\"text-align: center;\"><\/div><\/div><\/p>\n","protected":false},"excerpt":{"rendered":"<p>&nbsp; \u00dcber mich<\/p>\n","protected":false},"author":1,"featured_media":0,"parent":0,"menu_order":0,"comment_status":"closed","ping_status":"closed","template":"","meta":{"footnotes":""},"_links":{"self":[{"href":"https:\/\/die-alexis.de\/index.php?rest_route=\/wp\/v2\/pages\/20"}],"collection":[{"href":"https:\/\/die-alexis.de\/index.php?rest_route=\/wp\/v2\/pages"}],"about":[{"href":"https:\/\/die-alexis.de\/index.php?rest_route=\/wp\/v2\/types\/page"}],"author":[{"embeddable":true,"href":"https:\/\/die-alexis.de\/index.php?rest_route=\/wp\/v2\/users\/1"}],"replies":[{"embeddable":true,"href":"https:\/\/die-alexis.de\/index.php?rest_route=%2Fwp%2Fv2%2Fcomments&post=20"}],"version-history":[{"count":223,"href":"https:\/\/die-alexis.de\/index.php?rest_route=\/wp\/v2\/pages\/20\/revisions"}],"predecessor-version":[{"id":1525,"href":"https:\/\/die-alexis.de\/index.php?rest_route=\/wp\/v2\/pages\/20\/revisions\/1525"}],"wp:attachment":[{"href":"https:\/\/die-alexis.de\/index.php?rest_route=%2Fwp%2Fv2%2Fmedia&parent=20"}],"curies":[{"name":"wp","href":"https:\/\/api.w.org\/{rel}","templated":true}]}}

<p>&nbsp;</p>
<div class='content-column one_third'><div style="padding-right:0px;padding-left:10px;"><figure id="attachment_864" aria-describedby="caption-attachment-864" style="width: 640px" class="wp-caption alignleft"><a href="?page_id=8"><img loading="lazy" decoding="async" class="wp-image-864 size-large" src="http://staging.die-alexis.de/wp-content/uploads/2018/05/DSC05139b-verkleinert-1024x683.jpg" alt="" width="640" height="427" srcset="https://die-alexis.de/wp-content/uploads/2018/05/DSC05139b-verkleinert-1024x683.jpg 1024w, https://die-alexis.de/wp-content/uploads/2018/05/DSC05139b-verkleinert-300x200.jpg 300w, https://die-alexis.de/wp-content/uploads/2018/05/DSC05139b-verkleinert-768x512.jpg 768w, https://die-alexis.de/wp-content/uploads/2018/05/DSC05139b-verkleinert.jpg 1059w" sizes="(max-width: 640px) 100vw, 640px" /></a><figcaption id="caption-attachment-864" class="wp-caption-text">Musik für Hochzeits- und Taufzeremonien</figcaption></figure></div></div><div class='content-column one_third'><div style="padding-right:0px;padding-left:10px;"><figure id="attachment_1197" aria-describedby="caption-attachment-1197" style="width: 640px" class="wp-caption alignleft"><a href="?page_id=952"><img loading="lazy" decoding="async" class="wp-image-1197 size-large" src="http://staging.die-alexis.de/wp-content/uploads/2018/05/DSC06057bb-verkl.-1-1-1024x683.jpg" alt="" width="640" height="427" srcset="https://die-alexis.de/wp-content/uploads/2018/05/DSC06057bb-verkl.-1-1-1024x683.jpg 1024w, https://die-alexis.de/wp-content/uploads/2018/05/DSC06057bb-verkl.-1-1-300x200.jpg 300w, https://die-alexis.de/wp-content/uploads/2018/05/DSC06057bb-verkl.-1-1-768x512.jpg 768w, https://die-alexis.de/wp-content/uploads/2018/05/DSC06057bb-verkl.-1-1.jpg 1800w" sizes="(max-width: 640px) 100vw, 640px" /></a><figcaption id="caption-attachment-1197" class="wp-caption-text">People-Fotografie</figcaption></figure></div></div><div class='content-column one_third last_column'><div style="padding-right:0px;padding-left:10px;"><figure id="attachment_544" aria-describedby="caption-attachment-544" style="width: 640px" class="wp-caption alignright"><a href="?page_id=957"><img loading="lazy" decoding="async" class="wp-image-544 size-large" src="http://staging.die-alexis.de/wp-content/uploads/2015/02/DSC_2377averkleinert-1024x683.jpg" alt="" width="640" height="427" srcset="https://die-alexis.de/wp-content/uploads/2015/02/DSC_2377averkleinert-1024x683.jpg 1024w, https://die-alexis.de/wp-content/uploads/2015/02/DSC_2377averkleinert-300x200.jpg 300w, https://die-alexis.de/wp-content/uploads/2015/02/DSC_2377averkleinert-620x413.jpg 620w, https://die-alexis.de/wp-content/uploads/2015/02/DSC_2377averkleinert.jpg 1131w" sizes="(max-width: 640px) 100vw, 640px" /></a><figcaption id="caption-attachment-544" class="wp-caption-text">Hochzeits-Fotografie</figcaption></figure></div></div><div class='clear_column'></div></p>
<div class='content-column full_width'><div style="padding-right:0px;padding-left:0px;"><hr /></div></div>
<h2 style="text-align: center;">Über mich</h2>
<p style="text-align: center;"><div class='content-column full_width'><div style="padding-right:100px;padding-left:100px;"><p style="text-align: center;"><strong>Ein Moment für die Ewigkeit</strong></p>
<p style="text-align: center;"><span class="_5yl5">Die Musik und die Fotografie – zwei Künste, die grundverschieden zu sein scheinen, und doch kann ich mit beiden das tun, was ich liebe: wunderschöne Momente schaffen, an die du dich ein Leben lang erinnern wirst. </span></p>
<p style="text-align: center;"><span class="_5yl5">Ich bin die Alexis und komme aus Mering, zwischen Augsburg und München. Gemeinsam erarbeite ich mit dir ein Konzept, welches genau zu dir passt. Damit deine Wünsche wahr werden und dieser Moment für die Ewigkeit genau DEIN Moment für die Ewigkeit wird.</span></p>
<p style="text-align: center;">Deine Alexis</p>
<p style="text-align: center;"></div></div></p>

<p>&nbsp; Über mich</p>
